= 2359 + -2145. What is the remainder when 393 is divided by j?
179
Let l(v) = v**2 - 5*v - 22. Let w be l(8). Suppose -5*b + 1150 = 5*t, -w*b = -2*t + t + 239. Calculate the remainder when t is divided by 26.
25
Suppose 4*x + 34 + 26 = 2*o, 2*o + 3*x = 74. Let y(f) = f + 12. Let d be y(-9). Calculate the remainder when (1/d)/((-1)/(-291)) is divided by o.
29
Let u = 619 - 545. What is the remainder when 1240 is divided by u?
56
Calculate the remainder when 333 is divided by ((-9)/(270/(-130)) - 8)*(-10 - -1).
3
Let d = 6 - -57. Calculate the remainder when d is divided by 28*6/(-10)*190/(-133).
15
Suppose 99 = 17*y - 411. Suppose -y = -46*i + 31*i. What is the remainder when 14 is divided by i?
0
Suppose 14*d - 5937 = -8*d - 1823. Calculate the remainder when 2983 is divided by d.
178
Let m = 1202 - 1048. Calculate the remainder when 810 is divided by m.
40
Let k(j) = j**2 + 836. Let l be k(0). Suppose 60*g - l = 16*g. What is the remainder when 1194 is divided by g?
16
Let s(j) be the first derivative of -j**4/4 - 2*j**3/3 - j**2 + j + 114. Let h(i) = -i**2 - 6*i + 2. Calculate the remainder when h(-6) is divided by s(0).
0
Suppose -475*q + 473*q + 56 = 0. Suppose 117*o - 110*o = q. Calculate the remainder when (-3)/(3/(-14)) - 1 is divided by o.
1
Suppose -3*j = -2*h + 1 - 16, 2*j - h = 10. Suppose 93 - 383 = -j*c. What is the remainder when c is divided by 6?
4
Suppose 4*f - 3*x = 310, -596*x + 359 = 5*f - 595*x. What is the remainder when 1673 is divided by f?
67
Let p(b) = b**2 - 62*b + 992. Suppose 2*n + 0*j + j = 33, -2*n - 5*j + 13 = 0. Calculate the remainder when p(31) is divided by n.
12
Suppose 0 = -k + g + 32, -6*k + 7*k - 44 = -2*g. Let u(w) = 2*w**2 - 6*w - 5 + 6*w**2 - w**2. What is the remainder when u(5) is divided by k?
32
Suppose 2*i = 5*w - 923, 3*w = -14*i + 11*i + 558. Let h = -169 + w. Calculate the remainder when 29 is divided by h.
13
Let y(c) = -c**3 - 16*c**2 + c - 90. What is the remainder when 5640 is divided by y(-17)?
180
Let o be -256 + (-1 - 12/(-4)). Let m = o + 362. Let r = 7957 + -7941. What is the remainder when m is divided by r?
12
Let x = -17456 + 17647. Calculate the remainder when x is divided by 184.
7
Suppose -4*u = 2*x - 262, 4*x - 127 = -2*u + 421. What is the remainder when x is divided by 33?
7
Let s = -3395 - -3849. Calculate the remainder when s is divided by (13 - 3)*12/5.
22
Let l = 284 - 193. Let o = -76 + l. What is the remainder when 192 is divided by o?
12
Let i(d) = 93*d - 7916. Let m(u) = -2*u - 8. Calculate the remainder when i(87) is divided by m(-8).
7
Calculate the remainder when (1 - -26) + 1428 + -32 is divided by 352.
15
Let n(u) = 33*u - 103. What is the remainder when n(21) is divided by 193?
11
Let w(z) = -z**2 + 9*z - 2. Let s be w(8). Let l = 25 + s. Suppose -2*o = 95*v - 97*v + 24, 4*o + 16 = 2*v. What is the remainder when l is divided by v?
15
Suppose 0 = 4*z - 26 - 94. Let v = -275 + 279. What is the remainder when z is divided by v?
2
Suppose 0 = 5*i - 37 + 227. Let u be (-2)/(-5) - 4/((-40)/526). Let j = u + i. What is the remainder when 43 is divided by j?
13
Let r = -55 + 95. Suppose q = 5*q - n - r, 4*q - 24 = -3*n. What is the remainder when q is divided by 9?
0
Let l(j) = j**3 - 121*j**2 - 247*j + 128. Let q be 70/6 - 14/21. Calculate the remainder when ((2 - 1) + 2)*q is divided by l(123).
3
Let o = -1963 - -2000. What is the remainder when 837 is divided by o?
23
Let j be -7 + 250/35 + (-2)/14. Suppose j = -11*x - 4*x + 210. Calculate the remainder when (-2)/(-2)*x - 3 is divided by 4.
3
Let f = 5121 + -5111. Suppose -3*b - 288 = -2*t, -2*t - 3*b + 284 = -5*b. Calculate the remainder when t is divided by f.
8
Let v(g) = -67 - 29 + 181 + 10*g. Suppose 5*u - 238 = -4*t, 2*t + 2*u - 120 = -u. What is the remainder when t is divided by v(-7)?
12
Let h = -391 + 416. Let x be 2 + -2 + (16 - -1). Suppose -14*o = -x*o + 39. Calculate the remainder when h is divided by o.
12
Let g(u) = 10*u**2 - 351*u + 53. What is the remainder when 925 is divided by g(35)?
7
Let x(n) = n**2 + 11*n - 32. Suppose 0 = -5*g + 4*i - 66, 45 = -3*g - 5*i + 2*i. What is the remainder when (-178)/(-7) + 7/((-245)/15) is divided by x(g)?
5
Suppose 0 = 4*a + 4*a - 584. Suppose -57 = -2*l + a. Suppose 2*d = 2*b - 1 - l, 5*d = 0. What is the remainder when b is divided by 12?
9
Suppose -n = u - 43, -2*n + 48*u + 82 = 51*u. What is the remainder when n is divided by 5?
2
Let w(l) = 18*l**2 + 2*l + 33. Let n be w(5). Suppose v = -28*v + n. Calculate the remainder when v is divided by 12.
5
Let q = -12788 - -13471. Calculate the remainder when q is divided by 86.
81
Let y = -10 + 14. Suppose y*q = 1062 - 194. Let n(w) = -w**3 + 8*w**2 - 11*w + 38. Calculate the remainder when q is divided by n(6).
41
Suppose 12*k - 18 = 10*k. Suppose k*g - 216 + 27 = 0. Calculate the remainder when 125 is divided by g.
20
Suppose 57*t - 34948 = 8670 + 16916. What is the remainder when t is divided by 116?
18
Suppose 2*d - 2*w = 18, 2*w - 22 = -2*d - d. Let q(b) = -4*b**3 + 101*b**2 - 27*b + 53. Calculate the remainder when d is divided by q(25).
2
Let l be ((9 + -9)*(-1)/(-3))/(-1). What is the remainder when 373 is divided by 6 - (l + 0 - 9)?
13
What is the remainder when 647 is divided by (-2 + 6 - 15/4) + 5535/180?
27
Suppose -3*r + 5*v + 17866 = 6405, r = 4*v + 3832. Calculate the remainder when r is divided by 147.
137
Suppose 23*h - 174*h - 978 = -16380. Calculate the remainder when 310 is divided by h.
4
Suppose 664*d + 60 = 665*d - 2*b, -3*d + 184 = -2*b. Calculate the remainder when d is divided by 4.
2
Let l = -610 + 783. Let f(c) = 2*c**2 - 14*c + 8. Let p = 8 - -1. What is the remainder when l is divided by f(p)?
41
Suppose -40006 = -92*o - 5874. What is the remainder when 1118 is divided by o?
5
Let b = 327 - 180. Suppose -5*a + 220 = 5*s, -7*a + 2*s = -4*a - b. Calculate the remainder when a is divided by 13.
8
Suppose 17 = -l - 5*q + 3, -3*q - 9 = 0. Calculate the remainder when 33 is divided by l/(5*(-7)/(-945)).
6
Let z(j) = 41 + j - 3*j + j - 50*j**2 + 49*j**2 - 3*j**3. What is the remainder when z(0) is divided by 7?
6
Let j = 1618 + -1546. Calculate the remainder when j is divided by 28.
16
Let c(o) = o**3 - 13*o**2 + 16*o + 10. Calculate the remainder when c(13) is divided by 203.
15
Calculate the remainder when 59 is divided by 63 + (-13 - -5) - 1 - 7.
12
Calculate the remainder when 7 - 5 - 7 - -421 is divided by 20.
16
Let g(p) = -7*p**3 + 2*p**2 - 3*p + 4. Let d be g(2). Let b = d - -60. Suppose b*w = -9*w + 2261. Calculate the remainder when w is divided by 30.
29
Let t = 4426 - 4325. What is the remainder when 310 is divided by t?
7
Suppose 0 = 3*r + 5*a - 84, 2*r + 226*a = 231*a + 106. What is the remainder when 417 is divided by r?
37
Let o = 177 + -177. Suppose o = -13*h + 4*h + 801. What is the remainder when h is divided by 10?
9
Let y = -2658 - -2703. What is the remainder when 353 is divided by y?
38
Suppose 28*i + 716 = 6*i + 5798. Calculate the remainder when 695 is divided by i.
2
Let o(l) = l**2 + 3*l + 13. Let k(y) = 3*y**2 + y - 15. Calculate the remainder when k(4) is divided by o(0).
11
Let n(u) = -255*u - 1243. Let l(z) = 3*z**2 - 6*z + 2. Let g be l(3). Let q = 20 - g. Calculate the remainder when n(-5) is divided by q.
5
Let d(r) = 25*r**3 - 3*r**2 + 2. Let l be d(1). Suppose -2*w + l = -4*b, 0*w = w + 3*b + 8. Suppose q - 31 = -w. Calculate the remainder when q is divided by 8.
3
Let i(l) = -l**2 - 31*l - 16. Calculate the remainder when 36216 is divided by i(-22).
180
Let c = 4 - 1. Suppose 0 = -0*n + c*n + 5*w - 43, -5*w = -n + 21. Let h(x) = 849*x - 128057. What is the remainder when h(151) is divided by n?
14
Let s(i) = -i**3 - 5*i**2 + i + 16. Let x be s(-5). Suppose 109 = 10*w - x. What is the remainder when 17 is divided by w?
5
Suppose 2 = 2*w, -w - 124 = -7*l + 2*l. Calculate the remainder when 469 is divided by l.
19
Suppose -c + 39 = -5*r + 4*r, -r = -3*c + 117. Suppose -6 + 46 = -10*p. Calculate the remainder when c is divided by (-1 - p) + 72/24.
3
Suppose 5*x - 388 = 4*q, -25*q - 412 = -5*x - 24*q. Let o(t) = t**3 + 13*t**2 + 5*t - 14. Calculate the remainder when o(-11) is divided by x.
5
Let n = -16978 + 22856. Calculate the remainder when n is divid